t are the prime factors of 791545045?
5, 158309009
What are the prime factors of 1559210022?
2, 3, 1831, 47309
List the prime factors of 722505872.
2, 11, 131, 31337
What are the prime factors of 132569134?
2, 4001, 16567
What are the prime factors of 122564386?
2, 7, 131, 9547
List the prime factors of 222806799.
3, 137, 1319
List the prime factors of 6109845280.
2, 5, 7, 11, 29, 349
What are the prime factors of 196129268?
2, 5209, 9413
What are the prime factors of 2209574?
2, 1104787
What are the prime factors of 1153786523?
263, 4387021
List the prime factors of 260729649.
3, 311, 93151
List the prime factors of 79243045.
5, 7, 323441
What are the prime factors of 2491327918?
2, 19, 6607, 9923
List the prime factors of 1986298940.
2, 5, 839, 118373
What are the prime factors of 429316421?
83, 107, 48341
List the prime factors of 365518619.
43, 8500433
What are the prime factors of 5188970996?
2, 11, 17, 173, 40099
List the prime factors of 756722319.
3, 3511, 71843
What are the prime factors of 2160481?
97, 22273
List the prime factors of 102375226.
2, 37, 1383449
What are the prime factors of 104696172?
2, 3, 7, 79, 1753
List the prime factors of 2871339138.
2, 3, 53172947
What are the prime factors of 78155033?
11, 151, 211, 223
What are the prime factors of 337913230?
2, 5, 37, 913279
What are the prime factors of 2508370194?
2, 3, 11, 38005609
What are the prime factors of 1097901524?
2, 274475381
List the prime factors of 5306187160.
2, 5, 132654679
What are the prime factors of 184545880?
2, 5, 17, 223, 1217
What are the prime factors of 135919686?
2, 3, 7, 31, 104393
List the prime factors of 1097681587.
4007, 273941
List the prime factors of 201315988.
2, 50328997
List the prime factors of 5274795828.
2, 3, 1307, 336317
What are the prime factors of 570763457?
11, 17, 3052211
List the prime factors of 563572287.
3, 17, 3683479
List the prime factors of 17946590.
2, 5, 1794659
List the prime factors of 10997814.
2, 3, 1832969
What are the prime factors of 2708792000?
2, 5, 19, 71, 251
List the prime factors of 4570846378.
2, 7, 19, 41, 71, 5903
List the prime factors of 193837304.
2, 3631, 6673
What are the prime factors of 392863720?
2, 5, 9821593
List the prime factors of 858261097.
858261097
What are the prime factors of 31884495?
3, 5, 463, 4591
What are the prime factors of 17176312?
2, 2147039
List the prime factors of 17856418.
2, 23, 388183
List the prime factors of 671907041.
13, 983, 52579
List the prime factors of 1742461949.
1742461949
What are the prime factors of 263505491?
17, 113, 229, 599
What are the prime factors of 54084762?
2, 3, 229, 13121
List the prime factors of 3656494357.
3656494357
List the prime factors of 396994531.
19, 431, 48479
List the prime factors of 15607028.
2, 3901757
List the prime factors of 5659866221.
5659866221
What are the prime factors of 113837873?
19, 1061, 5647
What are the prime factors of 587316460?
2, 5, 29365823
List the prime factors of 58324098.
2, 3, 7, 1388669
What are the prime factors of 1333104223?
11, 79, 1534067
List the prime factors of 1887772165.
5, 307, 631, 1949
List the prime factors of 411526489.
11, 1723, 21713
What are the prime factors of 33044804?
2, 13, 17, 29, 1289
What are the prime factors of 375238599?
3, 125079533
List the prime factors of 213551093.
7, 17, 1794547
What are the prime factors of 346395801?
3, 23, 5020229
List the prime factors of 519154177.
17, 41, 89, 8369
What are the prime factors of 2756745426?
2, 3, 47, 883, 11071
What are the prime factors of 110636401?
37, 1319, 2267
List the prime factors of 895429155.
3, 5, 811, 73607
What are the prime factors of 2328989801?
15541, 149861
List the prime factors of 8497607.
8497607
What are the prime factors of 11864505?
3, 5, 790967
List the prime factors of 37346165.
5, 31, 240943
List the prime factors of 58637876.
2, 11, 19, 70141
List the prime factors of 273972483.
3, 29, 131, 2671
What are the prime factors of 4543302192?
2, 3, 11, 13, 19, 3167
List the prime factors of 71498699.
1579, 45281
What are the prime factors of 516302479?
7, 11, 6705227
List the prime factors of 937465766.
2, 853, 549511
List the prime factors of 775136915.
5, 7, 23, 962903
What are the prime factors of 761356429?
19, 41, 977351
List the prime factors of 30151175.
5, 991, 1217
List the prime factors of 955080791.
7, 17, 2833
What are the prime factors of 6415482841?
431, 14885111
List the prime factors of 168536709.
3, 11, 23, 74017
List the prime factors of 121046604.
2, 3, 7, 1441031
What are the prime factors of 2749667?
2749667
What are the prime factors of 2520743123?
53, 257, 185063
List the prime factors of 9345085.
5, 443, 4219
List the prime factors of 92773191.
3, 7, 23, 241, 797
What are the prime factors of 1129255357?
23, 49098059
What are the prime factors of 22201731?
3, 1217, 2027
List the prime factors of 198241009.
198241009
What are the prime factors of 51531064?
2, 13, 495491
List the prime factors of 59603639.
3083, 19333
List the prime factors of 4956516143.
61, 81254363
What are the prime factors of 178104288?
2, 3, 1855253
List the prime factors of 2090721346.
2, 7, 4409, 33871
What are the prime factors of 1723793871?
3, 574597957
What are the prime factors of 49619181?
3, 16539727
List the prime factors of 265475369.
41, 101, 64109
What are the prime factors of 210098264?
2, 1777, 14779
List the prime factors of 1447471730.
2, 5, 1709, 84697
List the prime factors of 68539661.
61, 1123601
List the prime factors of 1204943.
17, 70879
List the prime factors of 1918043876.
2, 7, 23, 29, 102701
What are the prime factors of 380657627?
7, 1109789
What are the prime factors of 173843756?
2, 107, 406177
List the prime factors of 851845099.
7, 121692157
List the prime factors of 2065230917.
2065230917
What are the prime factors of 44656762?
2, 22328381
What are the prime factors of 2880450073?
43, 61, 1098151
What are the prime factors of 81370180?
2, 5, 73, 55733
List the prime factors of 3006126.
2, 3, 179, 311
What are the prime factors of 2568402414?
2, 3, 3967, 35969
What are the prime factors of 61030042?
2, 30515021
List the prime factors of 2010463143.
3, 13, 23, 73, 30703
List the prime factors of 2995843759.
43207, 69337
What are the prime factors of 131076508?
2, 41, 71, 11257
What are the prime factors of 115609848?
2, 3, 47, 113, 907
List the prime factors of 266343553.
7, 599, 63521
List the prime factors of 143880304.
2, 8992519
List the prime factors of 1840555047.
3, 37, 3011, 5507
What are the prime factors of 857425415?
5, 7, 11, 41, 54319
List the prime factors of 60938725.
5, 821, 2969
List the prime factors of 44485567.
7, 6355081
What are the prime factors of 52578628?
2, 37, 355261
What are the prime factors of 5108177865?
3, 5, 7, 48649313
List the prime factors of 238316213.
9007, 26459
What are the prime factors of 345404872?
2, 43175609
What are the prime factors of 3866461118?
2, 13, 4283, 34721
What are the prime factors of 262732116?
2, 3, 37, 591739
What are the prime factors of 278462722?
2, 5209, 26729
What are the prime factors of 702614587?
53, 13256879
What are the prime factors of 82123373?
7307, 11239
List the prime factors of 5509073.
5509073
What are the prime factors of 898631080?
2, 5, 643, 34939
What are the prime factors of 69032086?
2, 101, 341743
List the prime factors of 6573822627.
3, 1109, 1975901
What are the prime factors of 6603608796?
2, 3, 4129, 133277
What are the prime factors of 1902763407?
3, 439, 1444771
What are the prime factors of 176816308?
2, 61, 557, 1301
What are the prime factors of 174309277?
67, 1163, 2237
What are the prime factors of 471567327?
3, 7, 11, 19, 15349
List the prime factors of 526127764.
2, 17, 7737173
List the prime factors of 327749786.
2, 7, 13, 1800823
What are the prime factors of 209094198?
2, 3, 79, 441127
List the prime factors of 61119308.
2, 15279827
List the prime factors of 49389546.
2, 3, 307, 26813
List the prime factors of 767345807.
89, 8621863
List the prime factors of 236306446.
2, 59, 131, 15287
List the prime factors of 75458897.
281, 268537
What are the prime factors of 62134629?
3, 20711543
List the prime factors of 2922023103.
3, 479, 727, 2797
List the prime factors of 678803216.
2, 